ed by 80/(-15)*(-6)/4?
7
Let w = 165 - 64. What is the remainder when w is divided by 13?
10
Let u = -6 - -8. Suppose 32 = u*q + 5*c, 4*c - 3 = -4*q + 37. What is the remainder when 17 is divided by q?
5
Suppose 9 = t - 0*t. Let j = 25 - t. Calculate the remainder when j is divided by (-56)/(-9) - 4/18.
4
Let k(h) = -5*h - 3. Suppose -124*t + 132 = -102*t. Calculate the remainder when k(-3) is divided by t.
0
Let w = -34 - -39. Calculate the remainder when 13 is divided by w.
3
Let k = 5 - -8. Let l be 30/(-5) - (-5 - -1). Let v = k - l. What is the remainder when 44 is divided by v?
14
Suppose 3*i - 2*i - 20 = -2*o, -2*o - 20 = -3*i. Suppose 5 = -c, -4*c + 3*c - 43 = -f. What is the remainder when f is divided by i?
8
Let u = 4 - -24. Calculate the remainder when 55 is divided by u.
27
What is the remainder when 89 is divided by 384/21 + 2/(-7)?
17
Suppose 2*t - 4*t + 4 = 2*k, t + 3*k = 0. Calculate the remainder when 37 is divided by t/(-2)*-2 - -16.
18
Suppose 5*p = -h + 60, p - 5*p - 155 = -5*h. Calculate the remainder when h is divided by 9.
8
Let b(p) = -p**3 - 16*p**2 + 9. What is the remainder when 17 is divided by b(-16)?
8
Let h = -5 - 14. Let y = 16 - h. Suppose 2*r - 97 = -y. What is the remainder when r is divided by 11?
9
Let j(u) = u + 30. Calculate the remainder when j(-14) is divided by 10.
6
Suppose -2*t + 8 = -2. Suppose 2*c = 3*i + 37, -35 + 4 = -2*c + i. Let l = c - t. What is the remainder when 17 is divided by l?
8
Suppose 0 = -z - 1 - 0, 2*p + 3*z = 157. Suppose -4*l + 4*o + 56 = 0, -l - 5*o - 44 = -4*l. What is the remainder when ((-60)/16)/((-6)/p) is divided by l?
11
What is the remainder when 4 + -1 + 35 + -1 is divided by 21?
16
Let b = -77 + 78. What is the remainder when b is divided by 1?
0
Suppose 0 = 5*x - 3*x + 34. Let j = x - -24. What is the remainder when j is divided by 4?
3
Let y(j) be the first derivative of -j**2 + 8*j + 3. Calculate the remainder when y(-10) is divided by 8 - (3 - 15/3).
8
What is the remainder when 142 is divided by 98/4 - (-26)/(-52)?
22
Suppose 12*b - 17*b = -100. Calculate the remainder when b is divided by 12.
8
Suppose c + 2 = 5. Suppose 2*g = c*p - 9, 2 = 2*p + 5*g - 4. Suppose -p*d + 72 = -d. Calculate the remainder when d is divided by 19.
17
Let k(q) be the first derivative of -4*q**2 - 11*q + 2. Let n be k(-8). Suppose 37 + n = 5*c. What is the remainder when 34 is divided by c?
16
Let k = -112 + 182. Calculate the remainder when k is divided by 18.
16
Suppose 0 = -4*z - 3*t + 28, 2*z - 3*t + 6*t = 8. What is the remainder when 18 is divided by z?
8
Suppose -6*w = -w - 25. Calculate the remainder when 7 is divided by w.
2
Let h be (7/(-14))/(1/30). Let u = -2 + -5. Let y = u - h. What is the remainder when 13 is divided by y?
5
Let r(m) = m + 1. Let q be r(7). Suppose -2*z + z + q = 0. What is the remainder when 22 is divided by z?
6
Suppose -53*x + 50*x + 63 = 0. What is the remainder when 37 is divided by x?
16
Let a(s) = 6*s**3 - 36*s**2 + 10*s + 34. Let d(y) = y**3 - 7*y**2 + 2*y + 7. Let c(x) = -2*a(x) + 11*d(x). Calculate the remainder when 131 is divided by c(-6).
32
Let f = -35 + 21. Let s = 16 + f. Calculate the remainder when (-2)/3 - (-23)/3 is divided by s.
1
Let g(s) = s**2 + 3*s. Let r(v) = 2*v**2 - 3*v**2 - 4*v + 0*v + v. Let n be r(-4). Calculate the remainder when 6 is divided by g(n).
2
Let k(x) = x**2 + 3*x + 3. What is the remainder when 7 is divided by k(-2)?
0
Suppose 5*k = 4*k + 29. Suppose -4*w + k + 63 = 0. Calculate the remainder when w is divided by 12.
11
Suppose 3*c - 3 = -24. Suppose 0*z - z - 123 = -3*w, -3*z = -5*w + 209. What is the remainder when w is divided by (c/2)/((-7)/28)?
12
Let f be (-2)/(-4)*40/5. Let i = f + 8. Calculate the remainder when 34 is divided by i.
10
Let t(g) = 5*g**2 - 2*g + 1. Calculate the remainder when t(-2) is divided by 9.
7
Suppose 3*a - 2*z = 31, -2*a + 9 = -a - 2*z. What is the remainder when (-84)/(-2) + 0/(-1) is divided by a?
9
Let a(p) = -p + 23. Let i(g) = -g**3 + 6*g**2 - g + 8. Let k(b) = b**3 - 4*b**2 - 3*b - 4. Let u be k(5). Calculate the remainder when a(20) is divided by i(u).
1
Suppose 25 = k + 3*q - 1, 0 = -4*k - q + 71. Let u be (-4)/(-6) + (-8)/(-6). Suppose -l + u*l = 32. What is the remainder when l is divided by k?
15
Let k(b) = 22*b - 1. Suppose 103 = 3*n - 80. Calculate the remainder when n is divided by k(1).
19
Calculate the remainder when 13 is divided by 3/2*(-128)/(-48).
1
Suppose 3*m = -0*m. Suppose m = -5*c - 3*f - 13, 0*f - 4 = 4*f. Calculate the remainder when 2/4*c*-4 is divided by 3.
1
Let o(g) = -g**3 - 5*g**2 + 6*g + 1. Let u(x) = -x**2 + 7*x - 4. Let k be u(6). Suppose 6 = k*b + b. What is the remainder when b is divided by o(-6)?
0
Let s be (-3 - 0)/((-6)/16). Let g = 11 + -7. What is the remainder when 2 is divided by 10/g*s/10?
0
Suppose -b - 72 = -3*t + 4*b, 3*t - 90 = -b. Let k = 10 - 10. Suppose k*p = -3*p + 30. Calculate the remainder when t is divided by p.
9
Let i(p) = 4*p**2 + 5*p + 0*p**3 - p**3 - 6 + p. What is the remainder when (2/4)/(1/70) is divided by i(4)?
17
Let u(n) = -n**2 + 9*n + 2. Let t be u(9). Suppose -k + 1 = t*p + 4, -4*k - 2*p + 18 = 0. Calculate the remainder when 11 is divided by k.
4
Let c = -8 + 114. What is the remainder when c is divided by 22?
18
Suppose 1 - 10 = j + 3*g, 2*j - 4*g - 32 = 0. What is the remainder when 17 is divided by j?
5
Let g = -19 + 24. Let a(o) = 3*o**2 + o. What is the remainder when g is divided by a(-1)?
1
Suppose 6*n = 10*n - 84. What is the remainder when 78 is divided by n?
15
Let c(p) = p**2 - 5*p + 5. Let u be c(5). Suppose u*g - 51 = 5*n - 6, -2*g + 6 = 2*n. What is the remainder when (-1)/g + (-219)/(-18) is divided by 7?
5
Let h(y) = y**3 + 4*y**2 + 2*y + 4. Let t(w) = -w - 6. Let l be t(-3). Suppose 20 + 16 = 3*k. Calculate the remainder when k is divided by h(l).
5
Suppose -4*u + 3*u + a = -2, 0 = 2*u + 3*a - 9. Suppose t = -u*o + 11, -20 = 4*t + 5*o - 71. What is the remainder when t is divided by 8?
6
Let v be (3 - 2) + (7 - 2). Suppose -2*y = -v*y - x + 151, 109 = 3*y + 5*x. Calculate the remainder when y is divided by 10.
8
Let z be (-3)/3*0 - -3. Let s be 6*(z/(-2))/(-3). Suppose t = -u + 34, 5*t + 6*u - s*u - 178 = 0. What is the remainder when t is divided by 13?
12
Let v = -3 - -3. Suppose 3*r = a - 25, -41 = -2*a + 4*r + 11. Calculate the remainder when a is divided by v + 12 - 4/2.
8
Let u(w) = w**2 - 6. Calculate the remainder when 3 is divided by u(3).
0
Suppose 57 = 5*v - 3*k, 5*v + 0*k = -4*k + 64. Calculate the remainder when v is divided by ((-10)/(-8))/((-1)/(-4)).
2
Let f = -3 + 0. What is the remainder when (140/(-5))/(6/f) is divided by 5?
4
Let m(z) = z**2 - 6*z + 8. Let t be 16/3*3/2. Let d be m(t). Let p = d - 11. Calculate the remainder when p is divided by 7.
6
Let b(c) = 1 - 1 + 8 - 6*c - 5*c**2 - 3 + c**3. Calculate the remainder when 1/(-2)*-13*2 is divided by b(6).
3
Suppose l = 16 - 40. Let y = 57 + l. Calculate the remainder when y is divided by 9.
6
Let s(x) = x - 5. Let b be s(3). What is the remainder when 17 is divided by (-7)/((-21)/36) + b?
7
Let t = 12 - 7. Suppose -3*l + 28 = u, t*l + 2*u = 34 + 13. What is the remainder when 24 is divided by l?
6
Let g = 7 - -1. Calculate the remainder when g is divided by ((-3)/(-4))/(7/28).
2
Let n(j) = -3*j. Let r be n(-4). Suppose 27 = x + r. What is the remainder when 44 is divided by x?
14
Let q = -15 - -54. Let c(t) = -t**3 + 5 - 2*t**3 - 7*t + 4*t**3 - 3*t**2. What is the remainder when q is divided by c(5)?
19
Calculate the remainder when 1*(140 - (-4 + 1)) is divided by 12.
11
Let s = -18 + 39. Let n = s + 29. Calculate the remainder when n is divided by 13.
11
Suppose -5*x = -4 - 6. Suppose -3*y = -3*d - 33, -7*d + 29 = y - x*d. Let h(q) = q**2 - 20*q - 40. Calculate the remainder when y is divided by h(22).
2
Suppose 0 = -4*t - 16, 8*p + 3*t = 4*p + 128. Let g(c) = c**2 + 9*c - 2. Let y be g(-8). Calculate the remainder when p is divided by 30/4*(-24)/y.
17
Suppose -69*d + 67*d = -80. Calculate the remainder when d is divided by 6.
4
Let h = 18 + -13. Suppose -h*k - 34 + 139 = 0. Let d = -13 + k. Calculate the remainder when d is divided by 3.
2
Suppose -3*l - 5*s = -70, 4*l - s - 112 = -3*s. Calculate the remainder